?
10111110011111
In base 2, what is -1010001100 + 1110110111?
100101011
In base 11, what is -116516 - 0?
-116516
In base 4, what is -22202032 - -1?
-22202031
In base 15, what is 2 + 4ec3?
4ec5
In base 4, what is -100 - 313301?
-320001
In base 6, what is -44055304 - 4?
-44055312
In base 3, what is 20022 + 11011122?
11101221
In base 4, what is 10 + 2312323220?
2312323230
In base 13, what is -19 - -baa2?
ba86
In base 13, what is 69c3 + -100?
68c3
In base 2, what is -101000100011 - 10?
-101000100101
In base 7, what is -13544 + -4?
-13551
In base 8, what is -11 + -4443?
-4454
In base 6, what is -2234514 - -1?
-2234513
In base 13, what is 3b19 - -1?
3b1a
In base 7, what is -41560 + -16?
-41606
In base 2, what is 1100100101111011 + -10?
1100100101111001
In base 6, what is -1 + 545450?
545445
In base 4, what is 10001 + 1023?
11030
In base 2, what is -11 - 1100100001111?
-1100100010010
In base 2, what is 11 + 100011000110001?
100011000110100
In base 16, what is 19f26 - 4?
19f22
In base 12, what is 371 + -3b?
332
In base 7, what is -20 - -20630?
20610
In base 14, what is -2 + -64aa?
-64ac
In base 3, what is 20220 - -1210112?
2001102
In base 7, what is -13362 - 554?
-14246
In base 2, what is 100000011 + -10101110001?
-10001101110
In base 7, what is -56 + -6501?
-6560
In base 4, what is 231 - 320220?
-313323
In base 7, what is 345 - -2055?
2433
In base 9, what is 1 - -14764?
14765
In base 13, what is -36c1a + -3?
-36c20
In base 15, what is -2 + 3b9?
3b7
In base 6, what is 4 - 2221?
-2213
In base 3, what is 102101 + -122102?
-20001
In base 10, what is -5712 + 3?
-5709
In base 14, what is 4 - 189ba?
-189b6
In base 4, what is 0 + 20310100?
20310100
In base 14, what is -1002 + 158?
-c88
In base 3, what is 1102120 + -101?
1102012
In base 6, what is -3 + -42223?
-42230
In base 10, what is 67 + 753?
820
In base 16, what is -1a607 + 4?
-1a603
In base 14, what is -4 - 184cd?
-184d3
In base 3, what is -102 + -1102020212?
-1102021021
In base 7, what is 1053104 + 5?
1053112
In base 10, what is 21 - 4719?
-4698
In base 16, what is -1e8 - 224?
-40c
In base 3, what is -1010200 + -21?
-1010221
In base 5, what is -202234 - 4?
-202243
In base 3, what is -10 + 21212221?
21212211
In base 9, what is -6515 + -7?
-6523
In base 3, what is 12 + 121000221?
121001010
In base 15, what is -48d3 + -58?
-493b
In base 14, what is -2 + 154832?
154830
In base 9, what is -3237 - 2?
-3240
In base 7, what is -65 - 2603?
-3001
In base 12, what is -28 + 16ba3?
16b77
In base 4, what is 122302 + 1?
122303
In base 15, what is 12e1 - 7?
12d9
In base 13, what is -21 - 2b3?
-304
In base 11, what is -13 + -1934?
-1947
In base 16, what is 2b8c - 1a4?
29e8
In base 15, what is -4 - -1747?
1743
In base 4, what is 1202 - -23302?
31110
In base 9, what is -15588 + -572?
-16271
In base 14, what is -94b + -1?
-94c
In base 9, what is 10 - 478?
-468
In base 11, what is 41a253 - -2?
41a255
In base 16, what is -923b - -5?
-9236
In base 11, what is -2 - 256a?
-2571
In base 15, what is 174b86 + 3?
174b89
In base 8, what is -1776 + 277?
-1477
In base 2, what is 1101011100101001001 - -11?
1101011100101001100
In base 4, what is -3 + 12330032?
12330023
In base 7, what is -3363 - -11?
-3352
In base 5, what is -232 - 3140042?
-3140324
In base 5, what is 1302 + -104204?
-102402
In base 9, what is -3 - -15120?
15116
In base 3, what is 121101 - 121?
120210
In base 14, what is 204 - -469?
66d
In base 9, what is -4 + 71381?
71376
In base 7, what is 60235 + -51?
60154
In base 5, what is -10 + 34131303?
34131243
In base 7, what is 112 - 15112?
-15000
In base 3, what is -10020 + -1010222212?
-1011010002
In base 5, what is -2344231400 - -10?
-2344231340
In base 6, what is -11 + -2031204?
-2031215
In base 9, what is 5564 - -5?
5570
In base 10, what is 5 + -11413?
-11408
In base 4, what is 31 - -11102103?
11102200
In base 8, what is -11506 + -7?
-11515
In base 13, what is 34 - -784b?
7882
In base 11, what is -3a347 - 1?
-3a348
In base 2, what is -110110010011100 - -101?
-110110010010111
In base 14, what is -c1 - -10?
-b1
In base 15, what is -26 - -db09?
dad3
In base 6, what is -322055 + -44?
-322143
In base 6, what is -31001 + 234?
-30323
In base 3, what is -2120021002 + -10?
-2120021012
In base 6, what is -1553 + 3423?
1430
In base 16, what is 15 + -92e?
-919
In base 2, what is 1010 + 10011101111001?
10011110000011
In base 7, what is 314 + -3612?
-3265
In base 2, what is -11101111010101001 + -1?
-11101111010101010
In base 16, what is 43d - -26c?
6a9
In base 6, what is -1 - 2404003?
-2404004
In base 9, what is 11 + 2448?
2460
In base 15, what is -189c - cb?
-1978
In base 13, what is 5c9b - 0?
5c9b
In base 13, what is 152 + -9c?
83
In base 7, what is 125 - -4655?
5113
In base 9, what is 2782 + -337?
2444
In base 14, what is 600 - -385?
985
In base 4, what is 2123031022 + 11?
2123031033
In base 2, what is -11101011010110011 - -101?
-11101011010101110
In base 6, what is -134140445 + 5?
-134140440
In base 14, what is 0 - 4c81b?
-4c81b
In base 9, what is -1 - 40263?
-40264
In base 5, what is 1324 + 320412?
322241
In base 4, what is 103132111 + -111?
103132000
In base 7, what is 104003 + -4?
103666
In base 5, what is 223312 + 3?
223320
In base 2, what is 110100 + 100110100101100?
100110101100000
In base 15, what is 6 + 99bb?
99c2
In base 4, what is 2 + 2322323?
2322331
In base 2, what is 11010000 - -1101001?
100111001
In base 6, what is -4240 - -120?
-4120
In base 5, what is -4 - -4233000?
4232441
In base 13, what is -32bc - -2?
-32ba
In base 11, what is -11 - -2a374?
2a363
In base 12, what is 1 - 23571?
-23570
In base 15, what is 1 - 5986?
-5985
In base 12, what is -1456b8 - 5?
-145701
In base 7, what is -25 - 3211?
-3236
In base 10, what is -2270 - -11?
-2259
In base 15, what is 5 + 16437?
1643c
In base 12, what is -805 - -621?
-1a4
In base 2, what is 10010011111110 - 101?
10010011111001
In base 12, what is -133a183 + -5?
-133a188
In base 6, what is -25 - -143542?
143513
In base 12, what is -31b1 + -31?
-3222
In base 13, what is 4aa33 + 4?
4aa37
In base 8, what is -6644 - -1?
-6643
In base 2, what is -101 - -1101011110101000?
1101011110100011
In base 5, what is -4 - -43203?
43144
In base 2, what is 1010011001 - -11100010?
1101111011
In base 6, what is -343 - 2320?
-3103
In base 16, what is -40a7 + 40?
-4067
In base 12, what is 4 - b2041?
-b2039
In base 9, what is 663 + 18716?
20480
In base 12, what is 37671 + 2?
37673
In base 4, what is -103023113 - 0?
-103023113
In base 14, what is -5609d + 3?
-5609a
In base 2, what is -1100111111101100 - -110?
-1100111111100110
In base 2, what is -10011100 - 10101011011011?
-10101101110111
In base 15, what is 74a + 24?
76e
In base 6, what is 10112 - 544?
5124
In base 6, what is 12 - -5313442?
5313454
In base 7, what is -1524 + 60?
-1434
In base 16, what is -759 + 2?
-757
In base 3, what is -200212022 + -11200?
-201000222
In base 13, what is -7 + -92a?
-934
In base 16, what is -46e27 - -3?
-46e24
In base 7, what is -124250 + 35?
-124212
In base 10, what is -4 + -199452?
-199456
In base 5, what is 131 + -2203314?
-2203133
In base 7, what is -2 - -114651?
114646
In base 13, what is 465c79 - -4?
465c80
In base 15, what is 2 + 1914?
1916
In base 7, what is -366316 + 2?
-366314
In base 7, what is 2500136 + 6?
2500145
In base 2, what is 11 + 10100101101000?
10100101101011
In base 4, what is -23 + 1121212?
1121123
In base 14, what is 23b + -37b?
-140
In base 6, what is -5 - 105200?
-105205
In base 16, what is e61 - c?
e55
In base 10, what is -30 + 1104?
1074
In base 15, what is 1389 - -3?
138c
In base 5, what is 2 + -433304?
-433302
In base 4, what is -213 - 220302?
-221121
In base 9, what is 73327 + -5?
73322
In base 9, what is 2734 - -47?
2782
In base 3, what is -10 + 2110011210221?
2110011210211
In base 6, what is 1013505 - 0?
1013505
In base 12, what is 1 + -34a8?
-34a7
In base 5, what is -20 + 4404313?
4404243
In base 11, what is -9 + -1556?
-1564
In base 9, what is -80 + 71633?
71543
In base 4, what is -13103 - 331?
-20100
In base 4, what is -11122 - 23131?
-100313
In base 13, what is -5 - -2ab387?
2ab382
In base 8, what is -566326 + 5?
-566321
In base 11, what is -40 + -499?
-529
In base 11, what is 24445 + 3?
24448
In base 12, what is -1a040 - -4?
-1a038
In base 3, what is 2010221202 + 2212?
201